 + 1. Calculate z(-8).
-7
Let x(b) = -b**3 - 11*b**2 + 13*b + 3. Give x(-12).
-9
Let d(t) = -32*t - 220. Give d(-6).
-28
Let i(r) = r**3 + 5*r**2 - 7*r - 9. Give i(-6).
-3
Let k(d) = 3*d + 8. Determine k(-6).
-10
Let i(a) = -5*a + 72. Give i(22).
-38
Let x(y) = -2*y**3 + 6*y**2 - 2*y + 6. Calculate x(3).
0
Let y(m) = 7*m - 9. Calculate y(-4).
-37
Let d(w) = 11*w + 148. What is d(-14)?
-6
Let i(m) = -26*m + 2. What is i(1)?
-24
Let c(b) = 6*b - 8. Give c(14).
76
Let v(f) = 6*f**2 + 25*f + 3. Determine v(-4).
-1
Let a(f) = -4*f**2 - 4*f. Give a(-3).
-24
Let i(l) = -8*l**2 - l + 2. Determine i(-2).
-28
Let n(p) = 2*p**2 - 5*p - 3. Give n(2).
-5
Let r(m) = 5*m - 18. Determine r(6).
12
Let o(n) = n**3 + 12*n**2 + 20*n. Give o(-10).
0
Let k(m) = -m**2 + 27*m - 86. Calculate k(23).
6
Let y(o) = o**3 - 11*o**2 + 8*o + 8. What is y(10)?
-12
Let o(b) = b**3 + 3*b**2 - 9*b + 4. Calculate o(-4).
24
Let b(q) = 2*q**2 - 16*q + 31. Give b(10).
71
Let n(y) = y**2 - 4*y + 4. Give n(4).
4
Let k(n) = -n**2 - 11*n - 13. What is k(-9)?
5
Let z(m) = -m**2 - 10*m + 816. Calculate z(24).
0
Let i(t) = -2*t**3 - 52*t**2 + 56*t + 45. What is i(-27)?
-9
Let s(o) = -o**2 - 10*o - 18. Give s(-12).
-42
Let x(k) = k - 9. Determine x(4).
-5
Let z(r) = -3*r + 9. Give z(-3).
18
Let n(o) = -o**2 + 10*o + 15. What is n(11)?
4
Let l(j) = -15*j - 5. Determine l(0).
-5
Let p(f) = f**2 + 12*f - 7. What is p(-14)?
21
Let m(z) = -3*z**2 + z + 3. Calculate m(-2).
-11
Let a(p) = -2*p**2 - 10*p - 48. Determine a(-6).
-60
Let o(x) = -x**2 + 26*x - 7. Calculate o(0).
-7
Let w(y) = -2*y + 9. Determine w(4).
1
Let k(j) = 3*j**2 - 9*j - 2. Determine k(4).
10
Let q(s) = -21*s + 127. What is q(6)?
1
Let k(n) = n**3 - 6*n**2 + 11*n - 24. Determine k(5).
6
Let u(x) = x**3 - 11*x**2 - 14*x + 7. Give u(12).
-17
Let f(w) = w**2 + 9*w + 7. Calculate f(-12).
43
Let w(f) = 4*f**3 - 2*f**2 + 6*f - 4. What is w(1)?
4
Let r(o) = -o**3 + 4*o**2 + 3. Determine r(4).
3
Let j(z) = -3*z**2 - 25*z. What is j(-7)?
28
Let b(v) = -4*v - 7. Give b(-3).
5
Let h(l) = l**3 + 9*l**2 + 4*l - 2. Calculate h(-7).
68
Let u(t) = 35*t**2 + t. What is u(-1)?
34
Let u(s) = -2*s**3 + 13*s**2 - 6*s. Give u(6).
0
Let b(n) = -n**3 - 34*n**2 - 93*n - 3. Give b(-31).
-3
Let n(u) = u**2 - 4. What is n(0)?
-4
Let h(y) = 2*y**2 + 39*y + 24. What is h(-19)?
5
Let k(x) = -2*x**2 + 25*x + 3. Determine k(13).
-10
Let q(x) = x**2 - 26*x + 7. Calculate q(24).
-41
Let x(s) = -17*s - 163. Determine x(-9).
-10
Let f(n) = -n**3 - n**2 - n - 4. Give f(0).
-4
Let j(x) = -18*x + 43. Calculate j(3).
-11
Let k(x) = 2*x**3 - 10*x - 12. What is k(-2)?
-8
Let a(j) = j**2 + 4*j - 32. What is a(-8)?
0
Let z(h) = 10*h + 3. Calculate z(-1).
-7
Let h(z) = 4*z**2 - 63*z - 18. Give h(16).
-2
Let y(v) = 3*v**2 - 17*v + 6. Determine y(4).
-14
Let m(h) = h**2 + 5*h + 105. What is m(0)?
105
Let c(i) = -i**3 + 9*i**2 + 6*i - 7. Determine c(9).
47
Let n(d) = 5*d - 37. Calculate n(-22).
-147
Let v(z) = 57*z**2. Determine v(-1).
57
Let z(i) = 7*i + 3. Give z(-2).
-11
Let v(u) = -2*u**2 - 2*u + 7. Determine v(-3).
-5
Let d(l) = 50*l**3 - l**2 - 2*l - 1. Give d(-1).
-50
Let l(g) = -2*g**2 + 162*g + 1. Determine l(81).
1
Let q(l) = -6*l - 6. Calculate q(5).
-36
Let z(t) = 43*t**2 - 342*t - 9. What is z(8)?
7
Let n(r) = r - 19. Determine n(23).
4
Let k(y) = -y**3 + 6*y**2 + 3*y - 5. What is k(5)?
35
Let t(u) = 21*u**2 + 1. Calculate t(-1).
22
Let m(w) = 9*w - 9. Give m(6).
45
Let t(s) = 11*s**3 - 2*s**2 + s. Calculate t(1).
10
Let t(x) = -x**3 + 8*x**2 + 9*x - 7. Determine t(9).
-7
Let u(o) = -145*o**2 + 4*o - 3. What is u(1)?
-144
Let a(f) = -12*f**2 - 4*f + 1. What is a(-2)?
-39
Let k(i) = -16*i - 12. Give k(3).
-60
Let o(j) = j - 25. What is o(14)?
-11
Let m(j) = j**3 + 5*j**2 + 6*j + 14. What is m(-6)?
-58
Let u(t) = 4*t + 3. Give u(2).
11
Let s(f) = 2*f**3 + 10*f**2 - 6*f - 25. Determine s(-5).
5
Let z(f) = f**3 - 6*f**2 - 5*f - 10. Give z(6).
-40
Let k(z) = -z**3 + 2*z - 5. Determine k(0).
-5
Let k(i) = i - 29. Determine k(18).
-11
Let n(t) = t**3 + 4*t**2 + 12. What is n(-5)?
-13
Let a(z) = -47*z - 7. What is a(-1)?
40
Let m(l) = l**2 - 31*l + 92. Calculate m(26).
-38
Let h(g) = -g**3 - 25*g**2 + 23*g - 79. Calculate h(-26).
-1
Let i(x) = -x**3 - 7*x**2 + 9. Determine i(-7).
9
Let d(y) = 14*y - 5. Determine d(-3).
-47
Let d(t) = -t**3 + 2*t**2 + 4. Give d(3).
-5
Let t(w) = -15*w - 7. Determine t(3).
-52
Let k(p) = -2*p**2 - 11*p + 9. What is k(-5)?
14
Let v(o) = o**3 + 25*o**2 + 21*o - 32. What is v(-24)?
40
Let o(y) = y**3 - 10*y**2 + 7*y + 22. Calculate o(9).
4
Let q(u) = u**2 + 11*u + 4. Calculate q(-11).
4
Let g(z) = z**3 + 6*z**2 - 4*z + 8. What is g(-6)?
32
Let j(q) = q**2 - 3*q + 2. Give j(1).
0
Let n(j) = -3*j**2 + 12*j - 6. What is n(4)?
-6
Let j(f) = f**3 - 3*f**2 + f - 1. Calculate j(4).
19
Let u(o) = -2*o**2 - 18*o + 48. Calculate u(-12).
-24
Let o(r) = -r**2 - 3*r - 3. What is o(-3)?
-3
Let c(w) = 2*w**2 - 23*w - 1. Calculate c(12).
11
Let s(o) = o**3 - 6*o**2 + 2*o - 7. Give s(6).
5
Let u(j) = -j**3 - 14*j**2 + j - 10. Determine u(-14).
-24
Let s(f) = f**3 - 6*f**2 - 2*f - 6. Determine s(7).
29
Let b(n) = -2*n - 23. What is b(-16)?
9
Let w(h) = 6*h - 103. What is w(15)?
-13
Let b(y) = -y**3 + 10*y**2 - 8*y - 5. Give b(4).
59
Let l(n) = -76*n + 41. What is l(3)?
-187
Let n(v) = -v**2 + 14*v + 6. Calculate n(15).
-9
Let f(b) = -b**3 - 2*b**2 + 8*b - 16. Calculate f(3).
-37
Let p(i) = -i**3 + 13*i**2 + 22*i + 132. Give p(15).
12
Let j(p) = 3*p - 50. Calculate j(24).
22
Let x(h) = -h**3 - h**2 + 2*h. Determine x(-2).
0
Let x(m) = 3*m - 2. Calculate x(1).
1
Let o(c) = c**3 - 6*c**2 - 4*c + 29. Give o(6).
5
Let d(c) = c**3 + c**2 - 27*c + 50. Give d(3).
5
Let l(z) = 2*z**3 - 98*z**2 - z + 67. Determine l(49).
18
Let d(j) = -j**3 - 3*j**2 + 8*j + 6. What is d(-5)?
16
Let b(i) = -i**2 + 2*i + 2. Determine b(-4).
-22
Let b(z) = 2*z + 6. Give b(-2).
2
Let u(r) = 5*r + 83. Determine u(-16).
3
Let q(s) = 2*s**2 - 35*s + 21. What is q(17)?
4
Let p(i) = 7*i - 21. Calculate p(-17).
-140
Let j(w) = w**3 - 13*w**2 - 15*w + 19. What is j(14)?
5
Let n(t) = -t**3 + 15*t - 1. Calculate n(4).
-5
Let q(a) = -4*a**2 - 4. Give q(2).
-20
Let n(m) = -3*m - 23. Determine n(-10).
7
Let m(z) = 15*z + 1. Calculate m(-1).
-14
Let b(m) = 4*m - 21. What is b(-22)?
-109
Let a(o) = -12*o + 2. Determine a(4).
-46
Let f(s) = 3*s + 90. Calculate f(-30).
0
Let n(y) = -y**2 + 10*y - 21. Calculate n(5).
4
Let l(a) = a**3 - 8*a**2 - 2*a + 18. What is l(8)?
2
Let p(s) = -6*s - 4. Calculate p(6).
-40
Let u(w) = w**3 + 7*w**2 + 5*w - 3. Calculate u(-4).
25
Let c(z) = -z**3 - 5*z**2 + 10*z + 13. Determine c(-6).
-11
Let c(y) = y**3 + 4*y + 5. Determine c(-2).
-11
Let d(x) = -6*x**2 + x + 7. Determine d(0).
7
Let y(s) = -32*s - 223. Determine y(-7).
1
Let h(i) = i**2 + i - 9. What is h(-7)?
33
Let c(n) = -n**2 - 53*n + 282. Give c(5).
-8
Let o(v) = -30*v - 357. Calculate o(-12).
3
Let m(i) = 2*i**3 - i**2 - i - 5. What is m(2)?
5
Let n(l) = -l**3 - 10*l**2 + 27*l + 14. Give n(-12).
-22
Let c(a) = -a + 10. Determine c(-5).
15
Let s(o) = -2*o - 24. Give s(-15).
6
Let y(q) = q**2 + 45*q - 1221. Give y(-64).
-5
Let g(i) = 67*i + 180. Calculate g(-3).
-21
Let k(a) = -2*a**2 - 19*a - 59. Give k(-10).
-69
Let b(f) = f**2 - 20*f + 55. Give b(17).
4
Let n(w) = -9*w**2 - w + 2. What is n(1)?
-8
Let y(p) = p + 14. Determine y(-12).
2
Let v(l) = l**3 + 9*l**2 - 3*l - 11. Give v(-4).
81
Let m(c) = -c**2 - 4. Calculate m(-2).
-8
Let y(q) = 5*q**3 - 5*q**2 + 4*q + 1. Determine y(3).
103
Let w(x) = x**3 - 17*x**2 - 17*x - 17. Calculate w(18).
1
Let d(x) = x - 10. Determine d(16).
6
Let d(i) = 3*i**2 - 2*i - 1. Give d(3).
20
Let u(q) = -q**2 + 11*q + 33. What is u(13)?
7
Let q(m) = -2*m**2 + 14*m - 6. Give q(6).
6
Let h(g) = -g**3 + 4*g**2 + 4*g + 7. Determine h(6).
-41
Let c(h) = h**2 + 15*h - 14. What is c(-15)?
-14
Let k(s) = s**3 - s - 118. Determine k(0).
-118
Let q(o) = 4*o**2 + 4*o + 1. Determine q(-3).
25
Let w(v) = v + 10. What is w(9)?
19
Let x(l) = -l**2 - 5*l + 5. Give x(-7).
-9
Let s(q) = -4*q**3 + 20*q**2 + 25*q - 3. What is s(6)?
3
Let r(t) = -t**2 - 16*t + 51. Determine r(3).
-6
Let m(v) = -2*v**2 + v - 6. Calculate m(4).
-34
Let x(p) = -p**2 - 45*p - 7. Determine x(0).
-7
Let m(a) = 6*a + 48. D